{"id":631,"date":"2021-12-07T14:14:22","date_gmt":"2021-12-07T13:14:22","guid":{"rendered":"http:\/\/marenkuehn.ch\/?page_id=631"},"modified":"2021-12-07T19:39:38","modified_gmt":"2021-12-07T18:39:38","slug":"place-des-augustins","status":"publish","type":"page","link":"https:\/\/marenkuehn.ch\/?page_id=631","title":{"rendered":"Place des Augustins"},"content":{"rendered":"\n<figure class=\"wp-block-gallery columns-2 is-cropped\"><ul class=\"blocks-gallery-grid\"><li class=\"blocks-gallery-item\"><figure><a href=\"http:\/\/marenkuehn.ch\/wp-content\/uploads\/2021\/12\/AUG_plan-scaled.jpg\"><img loading=\"lazy\" width=\"2560\" height=\"1920\" src=\"http:\/\/marenkuehn.ch\/wp-content\/uploads\/2021\/12\/AUG_plan-scaled.jpg\" alt=\"\" data-id=\"633\" data-full-url=\"http:\/\/marenkuehn.ch\/wp-content\/uploads\/2021\/12\/AUG_plan-scaled.jpg\" data-link=\"http:\/\/marenkuehn.ch\/?attachment_id=633#main\" class=\"wp-image-633\" srcset=\"https:\/\/marenkuehn.ch\/wp-content\/uploads\/2021\/12\/AUG_plan-scaled.jpg 2560w, https:\/\/marenkuehn.ch\/wp-content\/uploads\/2021\/12\/AUG_plan-300x225.jpg 300w, https:\/\/marenkuehn.ch\/wp-content\/uploads\/2021\/12\/AUG_plan-1024x768.jpg 1024w, https:\/\/marenkuehn.ch\/wp-content\/uploads\/2021\/12\/AUG_plan-768x576.jpg 768w, https:\/\/marenkuehn.ch\/wp-content\/uploads\/2021\/12\/AUG_plan-1536x1152.jpg 1536w, https:\/\/marenkuehn.ch\/wp-content\/uploads\/2021\/12\/AUG_plan-2048x1536.jpg 2048w, https:\/\/marenkuehn.ch\/wp-content\/uploads\/2021\/12\/AUG_plan-304x228.jpg 304w\" sizes=\"(max-width: 2560px) 100vw, 2560px\" \/><\/a><\/figure><\/li><li class=\"blocks-gallery-item\"><figure><a href=\"http:\/\/marenkuehn.ch\/wp-content\/uploads\/2021\/12\/AUG_travaux-scaled.jpg\"><img loading=\"lazy\" width=\"2560\" height=\"835\" src=\"http:\/\/marenkuehn.ch\/wp-content\/uploads\/2021\/12\/AUG_travaux-scaled.jpg\" alt=\"\" data-id=\"634\" data-full-url=\"http:\/\/marenkuehn.ch\/wp-content\/uploads\/2021\/12\/AUG_travaux-scaled.jpg\" data-link=\"http:\/\/marenkuehn.ch\/?attachment_id=634#main\" class=\"wp-image-634\" srcset=\"https:\/\/marenkuehn.ch\/wp-content\/uploads\/2021\/12\/AUG_travaux-scaled.jpg 2560w, https:\/\/marenkuehn.ch\/wp-content\/uploads\/2021\/12\/AUG_travaux-300x98.jpg 300w, https:\/\/marenkuehn.ch\/wp-content\/uploads\/2021\/12\/AUG_travaux-1024x334.jpg 1024w, https:\/\/marenkuehn.ch\/wp-content\/uploads\/2021\/12\/AUG_travaux-768x251.jpg 768w, https:\/\/marenkuehn.ch\/wp-content\/uploads\/2021\/12\/AUG_travaux-1536x501.jpg 1536w, https:\/\/marenkuehn.ch\/wp-content\/uploads\/2021\/12\/AUG_travaux-2048x668.jpg 2048w, https:\/\/marenkuehn.ch\/wp-content\/uploads\/2021\/12\/AUG_travaux-304x99.jpg 304w\" sizes=\"(max-width: 2560px) 100vw, 2560px\" \/><\/a><\/figure><\/li><li class=\"blocks-gallery-item\"><figure><a href=\"http:\/\/marenkuehn.ch\/wp-content\/uploads\/2021\/12\/AUG_bassin-scaled.jpg\"><img loading=\"lazy\" width=\"2560\" height=\"1920\" src=\"http:\/\/marenkuehn.ch\/wp-content\/uploads\/2021\/12\/AUG_bassin-scaled.jpg\" alt=\"\" data-id=\"632\" data-full-url=\"http:\/\/marenkuehn.ch\/wp-content\/uploads\/2021\/12\/AUG_bassin-scaled.jpg\" data-link=\"http:\/\/marenkuehn.ch\/?attachment_id=632#main\" class=\"wp-image-632\" srcset=\"https:\/\/marenkuehn.ch\/wp-content\/uploads\/2021\/12\/AUG_bassin-scaled.jpg 2560w, https:\/\/marenkuehn.ch\/wp-content\/uploads\/2021\/12\/AUG_bassin-300x225.jpg 300w, https:\/\/marenkuehn.ch\/wp-content\/uploads\/2021\/12\/AUG_bassin-1024x768.jpg 1024w, https:\/\/marenkuehn.ch\/wp-content\/uploads\/2021\/12\/AUG_bassin-768x576.jpg 768w, https:\/\/marenkuehn.ch\/wp-content\/uploads\/2021\/12\/AUG_bassin-1536x1152.jpg 1536w, https:\/\/marenkuehn.ch\/wp-content\/uploads\/2021\/12\/AUG_bassin-2048x1536.jpg 2048w, https:\/\/marenkuehn.ch\/wp-content\/uploads\/2021\/12\/AUG_bassin-304x228.jpg 304w\" sizes=\"(max-width: 2560px) 100vw, 2560px\" \/><\/a><\/figure><\/li><\/ul><figcaption class=\"blocks-gallery-caption\"><strong>R\u00e9am\u00e9nagement de la place des Augustins, Gen\u00e8ve&nbsp;(GE)<\/strong>. Concours gagn\u00e9 en 2014 par S2L, Zurich. En collaboration avec&nbsp;S2L, Zurich. 2014 &#8211; 2021. \/\/\/\/\/ <em>Sanierung des Place des Augustins&nbsp;in Genf&nbsp;(GE). Wettbewerb 2014 von S2L gewonnen. In Zusammenarbeit mit&nbsp;S2L, Z\u00fcrich. 2014 &#8211; 2021.<\/em><\/figcaption><\/figure>\n\n\n\n<p><\/p>\n","protected":false},"excerpt":{"rendered":"","protected":false},"author":1,"featured_media":0,"parent":0,"menu_order":0,"comment_status":"closed","ping_status":"closed","template":"","meta":[],"_links":{"self":[{"href":"https:\/\/marenkuehn.ch\/index.php?rest_route=\/wp\/v2\/pages\/631"}],"collection":[{"href":"https:\/\/marenkuehn.ch\/index.php?rest_route=\/wp\/v2\/pages"}],"about":[{"href":"https:\/\/marenkuehn.ch\/index.php?rest_route=\/wp\/v2\/types\/page"}],"author":[{"embeddable":true,"href":"https:\/\/marenkuehn.ch\/index.php?rest_route=\/wp\/v2\/users\/1"}],"replies":[{"embeddable":true,"href":"https:\/\/marenkuehn.ch\/index.php?rest_route=%2Fwp%2Fv2%2Fcomments&post=631"}],"version-history":[{"count":5,"href":"https:\/\/marenkuehn.ch\/index.php?rest_route=\/wp\/v2\/pages\/631\/revisions"}],"predecessor-version":[{"id":814,"href":"https:\/\/marenkuehn.ch\/index.php?rest_route=\/wp\/v2\/pages\/631\/revisions\/814"}],"wp:attachment":[{"href":"https:\/\/marenkuehn.ch\/index.php?rest_route=%2Fwp%2Fv2%2Fmedia&parent=631"}],"curies":[{"name":"wp","href":"https:\/\/api.w.org\/{rel}","templated":true}]}}