{"id":851,"date":"2021-12-07T20:10:07","date_gmt":"2021-12-07T19:10:07","guid":{"rendered":"http:\/\/marenkuehn.ch\/?page_id=851"},"modified":"2021-12-08T11:54:47","modified_gmt":"2021-12-08T10:54:47","slug":"maln","status":"publish","type":"page","link":"http:\/\/marenkuehn.ch\/?page_id=851","title":{"rendered":"MALN"},"content":{"rendered":"\n<figure class=\"wp-block-gallery has-nested-images columns-1 is-cropped\">\n<figure class=\"wp-block-image size-full is-style-default\"><a href=\"http:\/\/marenkuehn.ch\/wp-content\/uploads\/2021\/12\/MALN_1-scaled.jpg\"><img loading=\"lazy\" width=\"2560\" height=\"2195\" data-id=\"852\"  src=\"http:\/\/marenkuehn.ch\/wp-content\/uploads\/2021\/12\/MALN_1-scaled.jpg\" alt=\"\" class=\"wp-image-852\" srcset=\"http:\/\/marenkuehn.ch\/wp-content\/uploads\/2021\/12\/MALN_1-scaled.jpg 2560w, http:\/\/marenkuehn.ch\/wp-content\/uploads\/2021\/12\/MALN_1-300x257.jpg 300w, http:\/\/marenkuehn.ch\/wp-content\/uploads\/2021\/12\/MALN_1-1024x878.jpg 1024w, http:\/\/marenkuehn.ch\/wp-content\/uploads\/2021\/12\/MALN_1-768x658.jpg 768w, http:\/\/marenkuehn.ch\/wp-content\/uploads\/2021\/12\/MALN_1-1536x1317.jpg 1536w, http:\/\/marenkuehn.ch\/wp-content\/uploads\/2021\/12\/MALN_1-2048x1756.jpg 2048w\" sizes=\"(max-width: 2560px) 100vw, 2560px\" \/><\/a><\/figure>\n\n\n\n<figure class=\"wp-block-image size-full is-style-default\"><a href=\"http:\/\/marenkuehn.ch\/wp-content\/uploads\/2021\/12\/MALN_2.jpg\"><img loading=\"lazy\" width=\"1964\" height=\"1473\" data-id=\"853\"  src=\"http:\/\/marenkuehn.ch\/wp-content\/uploads\/2021\/12\/MALN_2.jpg\" alt=\"\" class=\"wp-image-853\" srcset=\"http:\/\/marenkuehn.ch\/wp-content\/uploads\/2021\/12\/MALN_2.jpg 1964w, http:\/\/marenkuehn.ch\/wp-content\/uploads\/2021\/12\/MALN_2-300x225.jpg 300w, http:\/\/marenkuehn.ch\/wp-content\/uploads\/2021\/12\/MALN_2-1024x768.jpg 1024w, http:\/\/marenkuehn.ch\/wp-content\/uploads\/2021\/12\/MALN_2-768x576.jpg 768w, http:\/\/marenkuehn.ch\/wp-content\/uploads\/2021\/12\/MALN_2-1536x1152.jpg 1536w\" sizes=\"(max-width: 1964px) 100vw, 1964px\" \/><\/a><\/figure>\n<figcaption class=\"blocks-gallery-caption\"><strong>MALN<\/strong> R\u00e9am\u00e9nagement d&rsquo;un jardin priv\u00e9 \u00e0 Meyrin (GE). 2020 \/\/\/\/\/ <em>Umgestaltung eines Privatgartens in Meyrin (GE). 2020<\/em><\/figcaption><\/figure>\n\n\n\n<p><\/p>\n","protected":false},"excerpt":{"rendered":"","protected":false},"author":1,"featured_media":0,"parent":0,"menu_order":0,"comment_status":"closed","ping_status":"closed","template":"","meta":[],"_links":{"self":[{"href":"http:\/\/marenkuehn.ch\/index.php?rest_route=\/wp\/v2\/pages\/851"}],"collection":[{"href":"http:\/\/marenkuehn.ch\/index.php?rest_route=\/wp\/v2\/pages"}],"about":[{"href":"http:\/\/marenkuehn.ch\/index.php?rest_route=\/wp\/v2\/types\/page"}],"author":[{"embeddable":true,"href":"http:\/\/marenkuehn.ch\/index.php?rest_route=\/wp\/v2\/users\/1"}],"replies":[{"embeddable":true,"href":"http:\/\/marenkuehn.ch\/index.php?rest_route=%2Fwp%2Fv2%2Fcomments&post=851"}],"version-history":[{"count":3,"href":"http:\/\/marenkuehn.ch\/index.php?rest_route=\/wp\/v2\/pages\/851\/revisions"}],"predecessor-version":[{"id":856,"href":"http:\/\/marenkuehn.ch\/index.php?rest_route=\/wp\/v2\/pages\/851\/revisions\/856"}],"wp:attachment":[{"href":"http:\/\/marenkuehn.ch\/index.php?rest_route=%2Fwp%2Fv2%2Fmedia&parent=851"}],"curies":[{"name":"wp","href":"https:\/\/api.w.org\/{rel}","templated":true}]}}