{"id":842,"date":"2021-12-07T20:05:02","date_gmt":"2021-12-07T19:05:02","guid":{"rendered":"http:\/\/marenkuehn.ch\/?page_id=842"},"modified":"2021-12-07T20:05:02","modified_gmt":"2021-12-07T19:05:02","slug":"pepiniere-urbaine","status":"publish","type":"page","link":"http:\/\/marenkuehn.ch\/?page_id=842","title":{"rendered":"P\u00e9pini\u00e8re urbaine"},"content":{"rendered":"\n<figure class=\"wp-block-gallery has-nested-images columns-2 is-cropped\">\n<figure class=\"wp-block-image size-full is-style-default\"><a href=\"http:\/\/marenkuehn.ch\/wp-content\/uploads\/2021\/12\/PEP_1-scaled.jpg\"><img loading=\"lazy\" width=\"2560\" height=\"1920\" data-id=\"843\"  src=\"http:\/\/marenkuehn.ch\/wp-content\/uploads\/2021\/12\/PEP_1-scaled.jpg\" alt=\"\" class=\"wp-image-843\" srcset=\"http:\/\/marenkuehn.ch\/wp-content\/uploads\/2021\/12\/PEP_1-scaled.jpg 2560w, http:\/\/marenkuehn.ch\/wp-content\/uploads\/2021\/12\/PEP_1-300x225.jpg 300w, http:\/\/marenkuehn.ch\/wp-content\/uploads\/2021\/12\/PEP_1-1024x768.jpg 1024w, http:\/\/marenkuehn.ch\/wp-content\/uploads\/2021\/12\/PEP_1-768x576.jpg 768w, http:\/\/marenkuehn.ch\/wp-content\/uploads\/2021\/12\/PEP_1-1536x1152.jpg 1536w, http:\/\/marenkuehn.ch\/wp-content\/uploads\/2021\/12\/PEP_1-2048x1536.jpg 2048w\" sizes=\"(max-width: 2560px) 100vw, 2560px\" \/><\/a><\/figure>\n\n\n\n<figure class=\"wp-block-image size-full is-style-default\"><a href=\"http:\/\/marenkuehn.ch\/wp-content\/uploads\/2021\/12\/PEP_2-scaled.jpg\"><img loading=\"lazy\" width=\"2560\" height=\"1920\" data-id=\"845\"  src=\"http:\/\/marenkuehn.ch\/wp-content\/uploads\/2021\/12\/PEP_2-scaled.jpg\" alt=\"\" class=\"wp-image-845\" srcset=\"http:\/\/marenkuehn.ch\/wp-content\/uploads\/2021\/12\/PEP_2-scaled.jpg 2560w, http:\/\/marenkuehn.ch\/wp-content\/uploads\/2021\/12\/PEP_2-300x225.jpg 300w, http:\/\/marenkuehn.ch\/wp-content\/uploads\/2021\/12\/PEP_2-1024x768.jpg 1024w, http:\/\/marenkuehn.ch\/wp-content\/uploads\/2021\/12\/PEP_2-768x576.jpg 768w, http:\/\/marenkuehn.ch\/wp-content\/uploads\/2021\/12\/PEP_2-1536x1152.jpg 1536w, http:\/\/marenkuehn.ch\/wp-content\/uploads\/2021\/12\/PEP_2-2048x1536.jpg 2048w\" sizes=\"(max-width: 2560px) 100vw, 2560px\" \/><\/a><\/figure>\n\n\n\n<figure class=\"wp-block-image size-full is-style-default\"><a href=\"http:\/\/marenkuehn.ch\/wp-content\/uploads\/2021\/12\/PEP_3-scaled.jpg\"><img loading=\"lazy\" width=\"2560\" height=\"1920\" data-id=\"844\"  src=\"http:\/\/marenkuehn.ch\/wp-content\/uploads\/2021\/12\/PEP_3-scaled.jpg\" alt=\"\" class=\"wp-image-844\" srcset=\"http:\/\/marenkuehn.ch\/wp-content\/uploads\/2021\/12\/PEP_3-scaled.jpg 2560w, http:\/\/marenkuehn.ch\/wp-content\/uploads\/2021\/12\/PEP_3-300x225.jpg 300w, http:\/\/marenkuehn.ch\/wp-content\/uploads\/2021\/12\/PEP_3-1024x768.jpg 1024w, http:\/\/marenkuehn.ch\/wp-content\/uploads\/2021\/12\/PEP_3-768x576.jpg 768w, http:\/\/marenkuehn.ch\/wp-content\/uploads\/2021\/12\/PEP_3-1536x1152.jpg 1536w, http:\/\/marenkuehn.ch\/wp-content\/uploads\/2021\/12\/PEP_3-2048x1536.jpg 2048w\" sizes=\"(max-width: 2560px) 100vw, 2560px\" \/><\/a><\/figure>\n<figcaption class=\"blocks-gallery-caption\"><strong>PEPINIERE URBAINE <\/strong> Mise en place de la premi\u00e8re p\u00e9pini\u00e8re urbaine au parc du Crozet dans le cadre de la strat\u00e9gie d&rsquo;arborisation du Canton de Gen\u00e8ve. Vernier (GE). En collaboration avec Olowine Rogg_concertation et participation. 2021 \/\/\/\/\/ <em>Schaffung der ersten Baumschule im urbanen Raum im Parc du Crozet im Rahmen der  Baumbepflanzungsstrategie des Kantons Genf. Vernier (GE). In Zusammenarbeit mit Olowine Rogg_concertation et participation. 2021 <\/em><\/figcaption><\/figure>\n\n\n\n<p><\/p>\n","protected":false},"excerpt":{"rendered":"","protected":false},"author":1,"featured_media":0,"parent":0,"menu_order":0,"comment_status":"closed","ping_status":"closed","template":"","meta":[],"_links":{"self":[{"href":"http:\/\/marenkuehn.ch\/index.php?rest_route=\/wp\/v2\/pages\/842"}],"collection":[{"href":"http:\/\/marenkuehn.ch\/index.php?rest_route=\/wp\/v2\/pages"}],"about":[{"href":"http:\/\/marenkuehn.ch\/index.php?rest_route=\/wp\/v2\/types\/page"}],"author":[{"embeddable":true,"href":"http:\/\/marenkuehn.ch\/index.php?rest_route=\/wp\/v2\/users\/1"}],"replies":[{"embeddable":true,"href":"http:\/\/marenkuehn.ch\/index.php?rest_route=%2Fwp%2Fv2%2Fcomments&post=842"}],"version-history":[{"count":2,"href":"http:\/\/marenkuehn.ch\/index.php?rest_route=\/wp\/v2\/pages\/842\/revisions"}],"predecessor-version":[{"id":847,"href":"http:\/\/marenkuehn.ch\/index.php?rest_route=\/wp\/v2\/pages\/842\/revisions\/847"}],"wp:attachment":[{"href":"http:\/\/marenkuehn.ch\/index.php?rest_route=%2Fwp%2Fv2%2Fmedia&parent=842"}],"curies":[{"name":"wp","href":"https:\/\/api.w.org\/{rel}","templated":true}]}}

Pépinière urbaine

<figure class="wp-block-gallery has-nested-images columns-2 is-cropped">
<figure class="wp-block-image size-full is-style-default"><a href="http://marenkuehn.ch/wp-content/uploads/2021/12/PEP_1-scaled.jpg"><img loading="lazy" width="2560" height="1920" data-id="843"  src="http://marenkuehn.ch/wp-content/uploads/2021/12/PEP_1-scaled.jpg" alt="" class="wp-image-843" srcset="http://marenkuehn.ch/wp-content/uploads/2021/12/PEP_1-scaled.jpg 2560w, http://marenkuehn.ch/wp-content/uploads/2021/12/PEP_1-300x225.jpg 300w, http://marenkuehn.ch/wp-content/uploads/2021/12/PEP_1-1024x768.jpg 1024w, http://marenkuehn.ch/wp-content/uploads/2021/12/PEP_1-768x576.jpg 768w, http://marenkuehn.ch/wp-content/uploads/2021/12/PEP_1-1536x1152.jpg 1536w, http://marenkuehn.ch/wp-content/uploads/2021/12/PEP_1-2048x1536.jpg 2048w" sizes="(max-width: 2560px) 100vw, 2560px" /></a></figure>



<figure class="wp-block-image size-full is-style-default"><a href="http://marenkuehn.ch/wp-content/uploads/2021/12/PEP_2-scaled.jpg"><img loading="lazy" width="2560" height="1920" data-id="845"  src="http://marenkuehn.ch/wp-content/uploads/2021/12/PEP_2-scaled.jpg" alt="" class="wp-image-845" srcset="http://marenkuehn.ch/wp-content/uploads/2021/12/PEP_2-scaled.jpg 2560w, http://marenkuehn.ch/wp-content/uploads/2021/12/PEP_2-300x225.jpg 300w, http://marenkuehn.ch/wp-content/uploads/2021/12/PEP_2-1024x768.jpg 1024w, http://marenkuehn.ch/wp-content/uploads/2021/12/PEP_2-768x576.jpg 768w, http://marenkuehn.ch/wp-content/uploads/2021/12/PEP_2-1536x1152.jpg 1536w, http://marenkuehn.ch/wp-content/uploads/2021/12/PEP_2-2048x1536.jpg 2048w" sizes="(max-width: 2560px) 100vw, 2560px" /></a></figure>



<figure class="wp-block-image size-full is-style-default"><a href="http://marenkuehn.ch/wp-content/uploads/2021/12/PEP_3-scaled.jpg"><img loading="lazy" width="2560" height="1920" data-id="844"  src="http://marenkuehn.ch/wp-content/uploads/2021/12/PEP_3-scaled.jpg" alt="" class="wp-image-844" srcset="http://marenkuehn.ch/wp-content/uploads/2021/12/PEP_3-scaled.jpg 2560w, http://marenkuehn.ch/wp-content/uploads/2021/12/PEP_3-300x225.jpg 300w, http://marenkuehn.ch/wp-content/uploads/2021/12/PEP_3-1024x768.jpg 1024w, http://marenkuehn.ch/wp-content/uploads/2021/12/PEP_3-768x576.jpg 768w, http://marenkuehn.ch/wp-content/uploads/2021/12/PEP_3-1536x1152.jpg 1536w, http://marenkuehn.ch/wp-content/uploads/2021/12/PEP_3-2048x1536.jpg 2048w" sizes="(max-width: 2560px) 100vw, 2560px" /></a></figure>
<figcaption class="blocks-gallery-caption"><strong>PEPINIERE URBAINE </strong> Mise en place de la première pépinière urbaine au parc du Crozet dans le cadre de la stratégie d&rsquo;arborisation du Canton de Genève. Vernier (GE). En collaboration avec Olowine Rogg_concertation et participation. 2021 ///// <em>Schaffung der ersten Baumschule im urbanen Raum im Parc du Crozet im Rahmen der  Baumbepflanzungsstrategie des Kantons Genf. Vernier (GE). In Zusammenarbeit mit Olowine Rogg_concertation et participation. 2021 </em></figcaption></figure>



<p></p>
